t is the greatest common divisor of 110 and 242?
22
What is the highest common factor of 1035 and 45?
45
What is the greatest common factor of 50 and 5525?
25
What is the greatest common divisor of 66 and 9?
3
What is the highest common divisor of 41 and 1025?
41
Calculate the greatest common factor of 92 and 138.
46
Calculate the greatest common factor of 1192 and 100.
4
Calculate the greatest common divisor of 59 and 118.
59
Calculate the highest common divisor of 14672 and 112.
112
What is the greatest common factor of 605 and 363?
121
Calculate the greatest common factor of 889 and 7.
7
Calculate the greatest common divisor of 59 and 177.
59
What is the greatest common factor of 3618 and 54?
54
Calculate the greatest common divisor of 13 and 13.
13
What is the highest common factor of 20 and 8?
4
Calculate the highest common divisor of 2950 and 50.
50
Calculate the highest common factor of 38 and 5548.
38
Calculate the highest common factor of 205 and 1517.
41
What is the highest common factor of 351 and 663?
39
Calculate the highest common factor of 2 and 1637.
1
What is the greatest common factor of 235 and 611?
47
Calculate the greatest common factor of 1829 and 31.
31
Calculate the greatest common factor of 121 and 22.
11
Calculate the greatest common factor of 46 and 506.
46
What is the greatest common factor of 20 and 820?
20
Calculate the greatest common factor of 1600 and 240.
80
Calculate the highest common divisor of 165 and 15.
15
Calculate the highest common divisor of 266 and 76.
38
What is the highest common factor of 742 and 126?
14
Calculate the greatest common divisor of 2432 and 19.
19
What is the greatest common divisor of 51 and 1428?
51
Calculate the highest common divisor of 272 and 5542.
34
Calculate the highest common factor of 9628 and 2822.
166
Calculate the greatest common factor of 594 and 132.
66
What is the greatest common factor of 171 and 703?
19
Calculate the highest common factor of 8 and 366.
2
What is the greatest common factor of 5 and 7615?
5
Calculate the greatest common divisor of 132 and 60.
12
What is the highest common factor of 12 and 36?
12
Calculate the highest common divisor of 1485 and 540.
135
Calculate the greatest common factor of 25 and 35.
5
What is the greatest common divisor of 74 and 1036?
74
Calculate the greatest common factor of 2795 and 39.
13
What is the highest common divisor of 50 and 850?
50
Calculate the highest common divisor of 2183 and 236.
59
Calculate the greatest common factor of 144 and 216.
72
Calculate the highest common divisor of 52 and 338.
26
What is the highest common factor of 2709 and 21?
21
What is the greatest common factor of 26 and 78?
26
Calculate the greatest common divisor of 5550 and 650.
50
What is the highest common factor of 9 and 9?
9
Calculate the highest common factor of 30 and 735.
15
Calculate the greatest common divisor of 10 and 610.
10
What is the greatest common factor of 152 and 88?
8
What is the highest common divisor of 15785 and 165?
55
What is the highest common factor of 185 and 29415?
185
What is the highest common factor of 1476 and 820?
164
What is the highest common divisor of 1605 and 15?
15
What is the greatest common factor of 198 and 22?
22
What is the greatest common divisor of 10926 and 144?
18
What is the greatest common factor of 248 and 56?
8
What is the highest common factor of 1242 and 46?
46
What is the highest common factor of 6 and 2578?
2
What is the greatest common divisor of 70 and 1190?
70
Calculate the highest common factor of 1049 and 1.
1
What is the greatest common divisor of 18018 and 18?
18
What is the highest common factor of 58 and 116?
58
Calculate the highest common factor of 14 and 119.
7
Calculate the greatest common factor of 1156 and 136.
68
Calculate the highest common factor of 136 and 158168.
136
What is the highest common factor of 142 and 44233?
71
Calculate the highest common divisor of 477 and 106.
53
What is the greatest common factor of 26 and 130?
26
What is the highest common factor of 12 and 30?
6
What is the greatest common factor of 256 and 96?
32
Calculate the greatest common factor of 203 and 5017.
29
Calculate the greatest common divisor of 207 and 9361.
23
Calculate the highest common factor of 8514 and 99.
99
Calculate the greatest common factor of 14883 and 246.
123
Calculate the greatest common divisor of 963 and 9.
9
Calculate the greatest common factor of 46 and 3956.
46
What is the greatest common divisor of 182 and 14?
14
What is the highest common divisor of 95 and 19?
19
Calculate the greatest common factor of 3 and 1101.
3
Calculate the highest common divisor of 74 and 3367.
37
Calculate the greatest common divisor of 57 and 760.
19
What is the greatest common factor of 308 and 55?
11
Calculate the highest common divisor of 246 and 138.
6
What is the greatest common factor of 315 and 420?
105
What is the highest common factor of 540 and 660?
60
Calculate the highest common divisor of 276 and 1587.
69
Calculate the greatest common factor of 12 and 36.
12
Calculate the greatest common divisor of 248 and 1147.
31
What is the highest common factor of 2340 and 108?
36
Calculate the highest common factor of 459 and 51.
51
Calculate the highest common divisor of 5084 and 164.
164
Calculate the highest common divisor of 1863 and 46.
23
Calculate the highest common divisor of 10 and 1460.
10
What is the greatest common factor of 3569 and 747?
83
Calculate the highest common divisor of 111 and 77811.
111
Calculate the greatest common divisor of 208 and 632.
8
What is the greatest common factor of 92 and 8?
4
What is the greatest common factor of 230 and 590?
10
What is the highest common factor of 10025 and 75?
25
What is the greatest common factor of 124 and 12?
4
What is the greatest common factor of 1529 and 33?
11
What is the greatest common divisor of 147 and 3?
3
What is the highest common factor of 28 and 3964?
4
What is the highest common divisor of 69 and 69?
69
What is the highest common factor of 1881 and 99?
99
Calculate the greatest common divisor of 1888 and 64.
32
What is the highest common divisor of 18 and 5463?
9
Calculate the highest common divisor of 6915 and 15.
15
What is the greatest common factor of 294 and 6216?
42
What is the greatest common divisor of 39 and 754?
13
Calculate the greatest common divisor of 430 and 10492.
86
Calculate the greatest common divisor of 1136 and 16.
16
Calculate the greatest common divisor of 184 and 69.
23
Calculate the highest common factor of 5781 and 987.
141
What is the greatest common factor of 225 and 180?
45
Calculate the greatest common factor of 12880 and 5.
5
What is the greatest common divisor of 36 and 276?
12
What is the greatest common factor of 2261 and 17?
17
Calculate the greatest common factor of 539 and 561.
11
What is the greatest common divisor of 40 and 625?
5
What is the greatest common divisor of 320 and 8?
8
Calculate the highest common factor of 1003 and 119.
17
Calculate the greatest common factor of 25 and 15.
5
What is the greatest common divisor of 87 and 435?
87
Calculate the highest common factor of 532 and 28.
28
Calculate the greatest common factor of 462 and 210.
42
What is the greatest common factor of 1480 and 80?
40
What is the highest common factor of 56 and 32?
8
Calculate the highest common divisor of 2627 and 74.
37
What is the highest common divisor of 210 and 4470?
30
What is the highest common divisor of 22 and 286?
22
Calculate the highest common factor of 2832 and 192.
48
Calculate the greatest common factor of 353 and 1.
1
Calculate the greatest common divisor of 99 and 1122.
33
Calculate the highest common divisor of 7810 and 110.
110
Calculate the greatest common divisor of 702 and 2.
2
What is the greatest common factor of 1548 and 1710?
18
What is the highest common factor of 29293 and 22?
11
Calculate the greatest common divisor of 15 and 24.
3
What is the highest common factor of 40 and 91280?
40
Calculate the greatest common divisor of 8762 and 78.
26
What is the greatest common factor of 156 and 2223?
39
Calculate the greatest common factor of 42 and 13468.
14
Calculate the highest common divisor of 192 and 2064.
48
Calculate the highest common divisor of 358 and 6.
